et b = -30 + 34. Let u(r) = b*v(r) - t(r). Let z be u(-8). What is the greatest common factor of z and 12?
12
Let k(a) = 14*a**2 - 52*a + 831. Let v be k(19). What is the highest common factor of 118 and v?
59
Suppose 3*p - 843 = 5*g + 2369, p - 1068 = g. What is the greatest common factor of 95 and p?
19
Let s(f) = 10*f + 20. Let l be s(-13). Let k = -30 - l. Let d = 101 - 85. What is the highest common factor of d and k?
16
Suppose 2 + 10 = -4*j + 4*m, -m = -5*j - 3. Suppose j = 3*l + 2*l - 675. Calculate the highest common divisor of l and 180.
45
Let c(k) = 8*k - 35. Let a be c(4). Let l = -6 - a. Let n be ((-40)/(-12))/(l + 57/18). Calculate the highest common factor of n and 15.
5
Suppose -5*y = -5*o + 2150, 10*o - 3*y = 14*o - 1713. Calculate the highest common divisor of 176 and o.
11
Let x = 618 - 290. Calculate the greatest common factor of x and 41.
41
Suppose 61*q + 2*l = 64*q - 45250, 4*l = 3*q - 45242. Calculate the highest common factor of 38 and q.
38
Suppose 317*j = 335*j - 288. What is the highest common divisor of 10880 and j?
16
Let h be 21/(6/(-8)*(-2)/7). Let r be (-1 - 41)/(51/272*-8). Calculate the greatest common divisor of r and h.
14
Suppose 182 = -8*z + 1118. Let t = z + -111. Calculate the greatest common factor of t and 66.
6
Let p = -8462 - -8496. Calculate the highest common divisor of p and 3.
1
Suppose 3*y - 21 = -3*w, 3*y - 2 = 2*y - 2*w. Let f(m) = -69*m - 318. Let i be f(-6). What is the greatest common divisor of y and i?
12
Let u(j) = -6*j**3 + 2*j**2 + j. Let z be u(-1). Suppose -4 = -z*w + 59. Let y = -22 - -25. Calculate the greatest common divisor of y and w.
3
Let x(g) = -g**3 - 26*g**2 + 9*g - 50. Let h be x(-26). Let t = 330 + h. Calculate the greatest common divisor of 414 and t.
46
Suppose -2450 = -2*n + 4*s, -n - 3*s = -1198 - 27. Calculate the highest common factor of n and 21.
7
Suppose -14*d + 17*d - 7051 = -4*t, 2*d - 4703 = -5*t. What is the highest common divisor of d and 29?
29
Let x be 1/3 + (-50)/(-3) + (9 - 16). Calculate the greatest common divisor of 1805 and x.
5
Let l = 7608 - 5837. Calculate the highest common divisor of l and 77.
77
Let p = 82 + -125. Let g = -38 - p. Let b be (1 - -94) + (-2 + g)/3. Calculate the highest common factor of 64 and b.
32
Let o(q) be the first derivative of -6*q + 13 + 1/4*q**4 + 6*q**2 - 2/3*q**3. Let b be o(3). Calculate the highest common divisor of 13 and b.
13
Let p(q) = 266*q**2 - 17286*q - 256. Let w be p(65). Let n(g) = 4*g**2 - 6*g**2 + 9*g**2. Let z be n(2). Calculate the highest common divisor of w and z.
4
Let j = -12 + 29. Let x be 25 - -165 - 6/2. What is the greatest common divisor of x and j?
17
Let w = 39 + -44. Let t be (w - (-2 + 3)) + -1 - -3. Let n be (t - 116/(-10))*5. What is the highest common factor of n and 19?
19
Suppose -5*x = 5*l - 420, -5*l = -6*x + 5*x - 408. Let c = 89 - l. What is the greatest common divisor of 4 and c?
1
Suppose -4*l - 3*r = -19, 5*l - 9 - 13 = -2*r. Let a be (0 - (-104)/(-6) - 2)/((-1353)/24354). What is the greatest common factor of l and a?
4
Let b = -193 - 109. Let m = 390 + b. What is the greatest common factor of 132 and m?
44
Suppose 0 = -5*k + 1119 + 1401. What is the highest common factor of k and 1932?
84
Let n(s) = -s + 7. Let j be n(7). Suppose 3 = -j*l + 3*l + q, -5*l - 4*q = -12. Suppose l*w + 6*w - 990 = 0. What is the greatest common factor of w and 15?
15
Let h(i) = 3*i + 54. Let d be h(-11). Suppose -r = -12 + 10. Suppose r*t = -2*f + 24, -2*f = 5*t - 50 + 5. What is the greatest common divisor of d and t?
7
Let j = 48213 - 47779. Suppose 0 = 3*b + 5*l + 1 - 28, -2*b + 5*l = -43. Calculate the greatest common factor of j and b.
14
Let g(l) = -97*l - 728. Let r be g(-9). What is the greatest common factor of 145 and r?
145
Let k(s) = -251*s + 1. Let l be k(-1). Let m(c) = -26*c - 108. Let g be m(5). Let b = 266 + g. Calculate the greatest common factor of l and b.
28
Let l be 2/(-9) - 492/(-27). Let u = -21 + -77. Let o be (8 - u/(-4))*-6. Calculate the highest common factor of o and l.
9
Let j be 6/(1 - 50720/50750). Calculate the greatest common factor of j and 875.
175
Let i be (13 + (-1518)/115)*(-33 + -2). Let o = 25 + -52. Let m be 2/(-9) - 60/o. Calculate the highest common factor of m and i.
1
Let u(o) = 10*o**3 + 2*o**2 - o + 8. Let z be u(-4). Let p = z + 652. Calculate the greatest common divisor of 238 and p.
14
Suppose 3*h + 143 = 4*x + 29, 3*x - h - 78 = 0. Calculate the highest common factor of 1500 and x.
12
Suppose 4*k - 3708 = -2*o, k = -o + 566 + 359. Let a = k + 182. Calculate the greatest common divisor of a and 101.
101
Let c(a) = -1121*a + 4715. Let v be c(4). What is the highest common factor of 2145 and v?
33
Suppose 5452 = 3*a + 5*f, 18*f + 45 = 27*f. What is the greatest common factor of a and 3?
3
Let m be 7 - (-19)/(-1) - -4. Let h be 48/2*(-6)/m. What is the highest common factor of h and 6?
6
Suppose g + b + 20 = 2*b, 0 = 4*g + b + 55. Let t be (5 + g/6)*354. Suppose -60*v + 55*v = -t. Calculate the greatest common divisor of v and 59.
59
Let v be 174/4*2/3. Suppose -2*y - 108646 = -108652. What is the greatest common factor of y and v?
1
Let z(v) = 3*v - 26. Let d be z(10). What is the greatest common divisor of d and 68?
4
Let u = 284 + -172. Let h(d) = 8*d**2 - 484*d - 164. Let x be h(61). What is the highest common factor of x and u?
16
Suppose -12*p - 420 = -16*p. Let b(g) = g - 3. Let a be b(2). Let v be (-2 - a)*3*(-11 - -4). What is the greatest common factor of v and p?
21
Suppose -118*q - 400 = -126*q. What is the highest common divisor of 2350 and q?
50
Let n = -67 + 67. Let a be 4*18/24 - (-8 + n). Let k(r) = -76*r + 1. Let d be k(-1). Calculate the highest common divisor of d and a.
11
Let w(s) = s**3 - 6*s**2 + 14*s - 39. Let d be w(5). Let l be 14/d*6/7. Calculate the highest common factor of l and 34.
2
Let i(x) = -x**3 - 4*x**2 + 4*x + 4. Let q(a) = a**3 - 4*a**2 - 10*a + 20. Let m be q(5). Let p be i(m). Calculate the highest common factor of 9 and p.
9
Suppose 2 + 88 = 9*i. Suppose i*j - 3*j = 126. What is the highest common divisor of j and 24?
6
Let x(v) = v**2 + 9*v - 9. Let c be x(-11). Suppose 0 = c*d - 24*d + 3157. Calculate the highest common divisor of d and 82.
41
Let l be (783/(-72) - -7) + (-2)/16. Let t be l*74*(-8)/64. What is the greatest common divisor of t and 407?
37
Let d(k) = 3*k - 70. Let o be d(20). Let r = 21 - o. What is the greatest common divisor of r and 93?
31
Suppose -o + 45*z - 50*z = -2299, 5*z = 5. What is the highest common factor of 186 and o?
62
Let g = 66 + -15. Let l(z) = 60*z - 172. Let a be l(4). What is the greatest common factor of a and g?
17
Let f = -869 + 1635. Let g = f + -711. What is the greatest common factor of g and 99?
11
Let k(x) = -x**2 + 7*x + 17. Let w be k(7). Suppose 0 = -13*g + 2687 + w. Calculate the highest common factor of 26 and g.
26
Let x = 262 + -142. Let w(f) = -f**3 + 5*f**2 - 2*f - 9. Let q be w(4). Let h = q + 16. Calculate the highest common divisor of h and x.
15
Let g(m) = m**3 - 84*m**2 - 65*m - 1630. Let t be g(85). What is the greatest common factor of 6790 and t?
70
Suppose -10*i + 5*i + 7155 = 0. Let m = -831 + i. Suppose -2*y - 3*h = y - m, 4*h = 0. What is the greatest common factor of 25 and y?
25
Let i(w) = 3*w**2 + 2*w. Let b be i(2). Suppose -5*f = 3*f + b. Let m(y) = y**3 + 2*y**2 + y + 3. Let j be m(f). What is the greatest common factor of 2 and j?
1
Suppose 6 = -d - 0*d. Let w(h) = -18*h - 21 + 22*h - 15*h - 3*h. Let c be w(d). Calculate the greatest common divisor of c and 18.
9
Let p be ((-45)/20)/((81/(-60))/9). Let s = -297 - -357. Calculate the greatest common divisor of p and s.
15
Suppose 2*h + 138 = 3*g + 5*h, 0 = -2*g + h + 98. Suppose 1891 = 15*m - 1349. Calculate the highest common divisor of g and m.
24
Let l = -35 - -38. Suppose -l*k + 86 - 32 = 0. Suppose -k = -2*w + w. What is the highest common factor of 162 and w?
18
Suppose -3*d - 4*m = -433, -4*m + 10 = d - 137. Suppose z = 3*u - 5*u + d, -271 = -4*u - 5*z. Calculate the greatest common divisor of u and 222.
74
Let o = -134 - -134. Suppose o = -2*g + 1 + 31. What is the highest common divisor of 4 and g?
4
Let t(b) = 2*b**2 + 9*b - 4. Suppose -5*o = -k + 5*k + 52, -3*o - 44 = 